value of -105 - (94 + -243) - 79?
-35
What is the value of 96 - (58 + (-12 - 2))?
52
Evaluate -13 + (-172 - (-80 + 12)).
-117
What is (-54 - -56) + 0 + 87 + 1 + -3?
87
Calculate -10 + 2 + (-31 - -37) + -2 + 55.
51
Evaluate -4 + 18 + -8 + 11 + -10 - -31.
38
(-9 - -12 - (-12 - -1 - 41)) + 23
78
What is 22 + -19 + 3 + 18 + 5 + -14?
15
Evaluate 60 + 0 - ((11 - 0) + (6 - (10 + 7))).
60
What is the value of 1 + 7 + (51 - (50 + -37 + 3 + -4))?
47
What is the value of (0 + 3 + -7 + 13 - (4 + -3)) + 50?
58
Calculate 11 - (16 + -17 + 23) - -10 - 58.
-59
What is (2408 - 2380) + (-49 - 1)?
-22
What is (-7 - ((16 - -1) + -29)) + 36?
41
What is 74 + -5 + (-1 + -11 - (14 + -15)) + 25?
83
What is the value of -6 - (19 - -8 - 19) - (-48 - -43)?
-9
What is the value of (2 - (-1 + 30)) + -3364 + 3423?
32
Calculate 30 - (27 - (-15 + 30)) - 10.
8
Calculate 3 + -14 - (-31 + 38 + -15 - (-1 - -2)).
-2
Calculate -1 + -11 - (3 + (34 - 26) + -17).
-6
What is 2 - 0 - (-50 + (25 - 4)) - 14?
17
Evaluate -14814 - -14721 - (1 - 81).
-13
Evaluate -64 - (-41 + -23 + -69).
69
What is the value of -11 + (-14 + -15 - (-76 + 37))?
-1
What is the value of (15 - (7 + 27 + -19)) + 43 + 0?
43
What is the value of 6 - (4 + 1 + (-6 - -6)) - (154 + -196)?
43
Evaluate (-164 - -142) + (12 - (0 + -1)).
-9
-5 + 1 + 13 - (-53 - (24 + -9))
77
What is the value of 25 + -32 - -22 - 52?
-37
What is the value of -2 + (-16 + 32 - (12 - (-6 + 12)))?
8
What is 17 - 17 - -60 - (-15 + (1 - 0)) - 3?
71
Evaluate 8 + -16 + -46 + -6 + -8 - -11.
-57
Calculate (5 - 22) + -31 - ((13 - 9) + 10).
-62
Evaluate 11 - (10 + 11 - 17) - 26.
-19
What is -20 + -123 + -9 + 8 + 24?
-120
Evaluate 68 + -40 + (211 - 121).
118
What is -28 + -3 + 20 + 28 - (-91 - -2)?
106
What is the value of 2 + (-5 - (-19 + 10 + 20 - 6))?
-8
119 - (37 - -28) - (-13 - 2)
69
Calculate 34 + 54 + -3 - (-21 + 6 - 0).
100
What is -78 - (47 + -8 - 119)?
2
1530 + -1522 + (-1 - (1 - 4)) - 18
-8
Evaluate -15 - ((-2 - -8) + (62 - 33) + -15).
-35
What is (-25 + -1 - 19) + -5 + (-1 - -6)?
-45
What is -8116 + 8139 - (6 - 0)?
17
Evaluate -18 + -24 + (-25 - (47 - 201)).
87
What is 14 - 12 - (8 - -3 - 0 - 5) - 24?
-28
Evaluate -3 + (15 - 1) - (-125 + (-39 - -83)) - 6.
86
Evaluate 65 + 0 + (3 - (13 + -18)) + (20 - 21).
72
What is -59 - (-43 + 18) - -13 - 106?
-127
What is 2 + -1 + (10 + -14 - 0) + 12 + -10?
-1
What is the value of 19 + -31 + (13 - 2) - (2 + 0)?
-3
What is 20 + 0 + -1119 + 1069?
-30
What is 51 + 61 + -19 - (-2 + 1 + 10 + 3)?
81
(-111 - -8) + 2 + 14 + 2 + 5 + -10
-90
What is 306 + -307 + -1 + 1 + 0 + -3?
-4
-17 + (-15 - ((16 - 9) + -8)) + 99
68
Evaluate (-65 + 105 - -15) + (-26 - 7).
22
What is the value of 170 - 58 - 140 - (-22 + 2)?
-8
What is 94 + 14 - 64 - 82?
-38
30 + -13 - (-20 + 31)
6
What is 4 + 12 + 21 + -20 + -4 - (13 + 1)?
-1
Calculate (7 - 8) + -9 - (7 - (12 - (103 + 3))).
-111
Calculate 254 + -73 + -118 + 1 + 20.
84
What is the value of (-15 - (-38 + 26)) + (-6 - 0) + -12?
-21
Calculate 18 + -1694 + 1585 + (1 - (2 + -1)).
-91
12 - 13 - (5 + (-6 - -9) - -3 - -69)
-81
What is 112 + -13 + (-4 - (28 + 0))?
67
-39 - 41 - (-12 + 5 - (10 - 8))
-71
Calculate -29 + -48 + -39 + 60.
-56
What is (-147 - -162) + (-64 - 30)?
-79
What is 373 + -387 - (-7 - -4)?
-11
What is (-179 - -133) + 22 + 117?
93
Evaluate (-2 - -28) + 3709 + -3666.
69
What is the value of 18 + -18 + -48 + 40?
-8
Evaluate -14 - -51 - (24 - -16) - (50 - 0).
-53
Calculate -1 + (8 - (3 + 7 - 9)) - -38.
44
-5 + 49 + -47 + -25
-28
-606 + 592 - (39 + 4)
-57
What is 17 + -27 + (4 - -5) + 95 - -15?
109
Evaluate 10 + (15 + -19 + -9 - -21) + (4 - -1).
23
Calculate 18 - (18 + (-10 - -17) - 11).
4
Calculate -10 + (3 + -1 - -4) + 14 - 10.
0
Calculate -134 + 35 - -12 - -38.
-49
What is the value of (205 - 314) + 2 + 131?
24
What is 6 - (34 + -13) - (16 + -97) - (-3 - 6)?
75
What is 20 + 1 + (70 - (9 - -52))?
30
What is -4 + 112 + -17 + -108?
-17
(120 - (25 + 8 - -7)) + 10
90
Calculate (-1703 - -1639) + (-4 - -76).
8
What is the value of 40 + (-51 - 72) + 135?
52
What is the value of -21 - (8 + -30 - (-31 - -32))?
2
Calculate -1 - -115 - ((-46 - 4) + -609 + 664).
109
What is the value of -20 - ((-2 - -48) + -39 + 15)?
-42
Calculate 5 + (9 - (-30 + 25)).
19
Calculate -61 - -25 - (4 + -6 + 18 + -7).
-45
What is the value of 8 + 11 + -85 + 103?
37
What is -180 + 162 + (2 - 6)?
-22
What is -42 + (-1 + -20 + 39 - 9)?
-33
Calculate -80 - (3 - 81) - -25.
23
What is the value of (9 - -1) + (6 - 23) + 63 + (-12 - 3)?
41
What is the value of (-5 - (1 - -14 - 8) - 9) + 2 + 7?
-12
What is -2 + (30 - 27 - -58) + 21?
80
Evaluate -17 - (45 - (14 + (-3 - -13 - 2))).
-40
Evaluate -11 - (-2 - 0) - (7 + 8 - (-47 + 25)).
-46
(-11 - (85 + -20 + 17)) + 3 - -19
-71
Evaluate 22 - (-45 - -34 - (1 - (-2 - -2) - 2)).
32
What is the value of -77 + (-163 - -58) + 103?
-79
Calculate -84 - (-73 - (-1 - -82)).
70
What is the value of 7 - ((-9 - -15) + 4 + 17 + -24)?
4
What is the value of 812 + -809 - (66 + 3 + (-3 - -3))?
-66
Calculate (-35 - -45) + -12 + (4 - 15).
-13
Calculate (-1 + 3 - (-1 + -8)) + 4188 + -4183.
16
Evaluate (-57 - -22) + 28 - (-3 + (-1 - 6)).
3
5 + 13 - ((-8 - -10) + 6) - (-13 + -53)
76
-11 + (19 - (9 - 37))
36
What is the value of (13 - 0 - (-7 + 5 + 16)) + -7?
-8
Evaluate (218 - 196) + (0 - (-3 + 6) - 4).
15
Calculate -12 - (-23 - -33) - -52.
30
Calculate (-417 - -425) + (0 - (3 - -2)).
3
32 + (2 - 14) + (151 - 122)
49
23 + (-13 - (21 - (41 + 17 - -6)))
53
Calculate -33 + 24 + -126 + 143.
8
11 - (-27 + (-37 - -44))
31
(-14 - -37 - 32) + 0 + 13 + -11
-7
What is the value of -8 + (57 - 141 - 37)?
-129
What is 9 - ((37 + 30 - 63) + (1 - 16))?
20
What is the value of 40 + 32 + (-74 - -12)?
10
39 + (-73 - -71 - 26)
11
What is -67 + (16 + 7 - 28) + (0 + 3 - -1)?
-68
What is (24 - 64) + (3 - 1 - (-10 + 12 - 10))?
-30
Evaluate 19 + -2 + -25 + (-3 - -3 - -5 - -8).
5
-2 + -29 - ((33 + -16 + -6 - 10) + 8)
-40
Calculate 7 + (-2 - 0) - ((-11 - (-8 - -1)) + 11).
-2
What is -12 + ((9 - 1) + -8 - (-135 - -8 - -2))?
113
Calculate -65 + -4 + 7 + (28 - (3 - -17)).
-54
Evaluate (17 + (-11 - 10) - (-3 - -11)) + -28.
-40
What is 9 - (-1 + -3 - (19 - (3 + 8 + -4)))?
25
Calculate -6 + -1 + 592 + -690 - (-3 + -2).
-100
Calculate -6 - ((11 - (-5 - -2)) + (-28 - -13)).
-5
Calculate (-27 - -15) + 24 + -2.
10
Calculate -400 + 319 + (46 - -1).
-34
What is the value of (14 - (-30 - -67)) + (11 - 3)?
-15
Calculate -7 - (-13 - -4 - -19) - -16.
-1
Calculate 1 - -2 - (-388 + 380) - (-9 - 0).
20
What is (3 - (6 + -11 + 18)) + 44 + -3 + 9?
40
What is the value of -35 + 8 + 99 + 32?
104
Evaluate 0 + 55 + -48 + 2 + (0 - 29).
-20
(-5220 - -5249) + (31 - -2 - 1)
61
What is 121 - (-120 + 169 + 175)?
-103
(0 - (-42 - (28 + -44))) + 17
43
What is 31 + -14 - (-22 + 122 - 16)?
-67
What is the value of (24 - (-1 - 24)) + -49?
0
What is 65 + -1 - (77 + 33 + -96) - -4?
54
Calculate -98 - ((0 - -13) + (-54 - -37)).
-94
(-28 - 27) + (3 + 4 - (1 - 1)) + -2
-50
What is -56 + 1 + 2 - (108 + (-19 - 86))?
-56
What is -17 + 66 - 30 - -23?
42
Calculate 8 + 27 + -36 + 5 + 3 - 4.
3
Evaluate 2 + -62 + 20 + 80.
40
Calculate -28 + (-4 - (9 + (-14 - -5))) - (7 - 1).
-38
What is -163 + 66 + ((-16 - -18) + 4 - (3 + 0))?
-94
What is the value of (6 - -20 - 109) + 45?
-38
What is the value of -11 - -66 - (27 - -97)?
-69
Evaluate 1 + 19 - 62 - -19.
-23
What is (86 - 18) + 12 + (-11 - 1) + 12 + 6?
86
What is 89 - (-63 - (-93 + -26))?
33
36 + (-10 + -15 + 18 + 1 - -25)
55
Evaluate 7 + -67 + (5 - 17 - -22) + -1.
-51
Calculate (4243 - 4247) + (0 - 9).
-13
(-3 - (-9 + -1)) + (1281 - 1291) - -123
120
What is the value of 16 + 0 - (1 + -1 + (-182 - -183))?
15
Calculate -430 - -465 - (-19 - 5).
59
What is the value of 34 + (319 + -327 - (1 + -5 + 0))?
30
What is the value of -3 - (15 + (14 - ((11 - -16) + -4)))?
-9
Evaluate 15 + -6 - ((-39 - -13) + 5 + 8).
22
(12 - -1 - (7 - -4)) + (-6 - 6)
-10
Evaluate 129 + -71 + -122 + 114.
50
Calculate 34 + -4 + (-55 - -63) + -59.
-21
6 - -1 - (7 + (93 - (-12 + -14)))
-119
What is (-14 + -8 + 18 - (7 + -3 - 9)) + -22?
-21
What is 29 - (54 - (-5 + 51))?
21
What is the value of -109 + 131 + (-7 - -6 - -2)?
23
(17 - (131 - 114)) + 3 + -26
-23
Evaluate (-21 - 1) + (-4 - (-6 - 4)).
-16
Evaluate (5 - -1) + (-2 - -2) + 3503 + -3433.
76
Wh